Suppose 3*u - 100 = 2*f, -3*u + 21 = 4*f - 67. Calculate the greatest common factor of u and 40.
8
Let v = -9 + 9. Suppose d = -2*z + 32 + 44, v = z - 3*d - 45. Suppose a - z = -34. Calculate the highest common factor of 35 and a.
5
Suppose -120 = -3*n + 3*o, -5*o - 116 = -8*n + 5*n. What is the highest common divisor of n and 399?
21
Suppose -4*s + 28 = 12. Suppose -11*b = -218 - 178. What is the highest common factor of s and b?
4
Let p(s) = s**2 - 3*s - 6. Let c be p(5). Let g(i) = -i + 1. Let a = -28 + 25. Let x be g(a). What is the highest common divisor of c and x?
4
Let m be (2 - (-3 + 6)) + (24 - -1). Let z(q) = 6*q + 6. Suppose 12 = 3*l + l. Let x be z(l). What is the highest common factor of x and m?
24
Let b = 42 + -27. Let p be (-8)/5 + (-6)/b. Let y(u) = -63*u + 2. Let s be y(p). Calculate the highest common divisor of 16 and s.
16
Suppose 2*m - u - 332 = 0, u - 484 = -3*m + 6*u. What is the greatest common factor of 448 and m?
56
Let s = -4 + 32. Suppose 32*b - s*b = 352. What is the highest common divisor of 11 and b?
11
Suppose -5*w - 2*i = -138, -5*w + 3*i + 59 = -3*w. Suppose -5*t = 2*p - w, p - 14 = -6*t + 2*t. What is the greatest common factor of p and 21?
7
Let a(w) = -2*w + 16. Let v be a(7). Suppose -v*c - 4*q + 541 = c, 3*c - q - 521 = 0. Calculate the highest common factor of 25 and c.
25
Let k(x) = 2*x**2 + 9*x. Let g be k(-6). What is the highest common factor of g and 225?
9
Suppose 4*p - 18 = 2, -4*a - 5*p = -205. Calculate the highest common divisor of 144 and a.
9
Let s be 644 + -2 + 2*(-1 - 0). Calculate the greatest common divisor of 8 and s.
8
Let u(k) = 0*k + 23*k + 17 + 46*k - 16. Let v be u(1). Let s(g) = g**3 - g**2 - 4*g + 4. Let i be s(3). Calculate the highest common divisor of v and i.
10
Suppose 2189 = 142*h + 57*h. Let b be (-44)/(-2) + 0 + 0. Calculate the highest common divisor of b and h.
11
Suppose -3*z = z - 668. Let c be (-3)/(-9) - z/(-3). Let j(t) = 2*t + 8. Let v be j(0). What is the greatest common divisor of v and c?
8
Let t(p) = p + 10. Let w be t(19). Let x = 38 - w. Let u = x + 12. What is the highest common factor of 3 and u?
3
Let j = -13 + 15. Calculate the highest common divisor of 58 and j.
2
Let r = -1471 - -1548. Calculate the highest common factor of 2849 and r.
77
Let p = -324 - -389. What is the highest common factor of 5 and p?
5
Let w(n) = -21*n - 30. Suppose -4*u - 2*y = 20, 4*y - 38 = 2*u + 3*u. Let d be w(u). What is the highest common factor of d and 12?
12
Suppose -159 = -3*q + 3*u, 0 = 9*u - 10*u - 1. Calculate the highest common divisor of 117 and q.
13
Let n be (9/(-2))/((-1)/2). Let t be 16/2*18/8. Calculate the greatest common divisor of n and t.
9
Let o(x) = -x - 25. Let l be o(-4). Let m be (0 + 1 + l)/(-2). Suppose -334 = -3*a - 64. What is the highest common divisor of m and a?
10
Let f be (-2254)/69*27/(-6). What is the greatest common factor of 98 and f?
49
Let u(w) be the third derivative of w**5/60 + 5*w**4/24 - 2*w**3/3 - 8*w**2. Let q be u(7). Calculate the greatest common factor of q and 10.
10
Let k(f) = -10*f**3 + f - 2. Let c be k(-2). Calculate the greatest common factor of 19 and c.
19
Let w(x) = -x + 7. Let y = -33 + 23. Let i be w(y). What is the highest common divisor of i and 119?
17
Let o = -8 + 42. Suppose -10 = n - 61. Calculate the highest common divisor of n and o.
17
Let o = 0 + 1. Suppose 4*m + 2 = 5*m. Suppose 0 = m*k - 3 + 1. What is the highest common divisor of o and k?
1
Suppose 70 = 6*c + 10. What is the greatest common divisor of c and 52?
2
Let d(w) = 2*w**2 - 7*w - 6. Let c be (-6)/(4/(16/6)). Let i be d(c). Let b be 1/(-2)*(-12)/1. Calculate the greatest common divisor of i and b.
6
Let k = -90 - -138. Suppose 2950 = 113*s + 238. Calculate the greatest common factor of k and s.
24
Let i be ((-1)/3)/((-2)/2274) + 5. What is the highest common divisor of i and 36?
12
Suppose 0 = -j - 48 - 26. Let o = 259 + -150. Let r = j + o. What is the greatest common factor of 14 and r?
7
Suppose 39*i - 16 = 35*i. Let y be ((-2)/i)/(((-36)/(-16))/(-9)). Suppose 2*s - o - 6 = 0, 3*s + 0*s = -2*o + 2. What is the greatest common divisor of s and y?
2
Suppose -3*u + 137 + 25 = 3*n, -5*u + 246 = -3*n. Calculate the greatest common divisor of u and 51.
51
Suppose -2*h + 73 - 3 = 0. Let t = h - 50. Let o be 15/6*(-36)/t. Calculate the highest common factor of 15 and o.
3
Let h be (-2)/5*-3*(-150)/(-9). What is the greatest common factor of 680 and h?
20
Suppose 0 = 76*c - 39 - 569. What is the highest common factor of 352 and c?
8
Let w be 6 - 14 - (-440 - 3). Calculate the greatest common factor of 15 and w.
15
Let y = -31 - -43. Suppose -3*w + 5 + 40 = 0. Let g = 147 - w. What is the greatest common factor of y and g?
12
Let r(z) = z**2 - 5*z - 6. Let o be r(6). Suppose -a + 3 + 17 = 3*d, o = 3*a + d - 20. Suppose 3 - 13 = -a*w. Calculate the highest common factor of 10 and w.
2
Let j = -152 - -222. Let i(r) = -r**3 - 8*r**2 - 8*r + 7. Let t be i(-7). Suppose 0 = -c - 0*c + t. Calculate the greatest common divisor of j and c.
14
Let h(w) = -w**3 - 27*w**2 - 49*w + 52. Let x be h(-25). What is the greatest common divisor of x and 351?
27
Let v(f) = -f**2 - 8*f - 4. Let w be v(-7). Let h = -387 - -408. Calculate the greatest common factor of h and w.
3
Let i = 26 - 14. Suppose 3*p + i = -36. Let g be (1 - 2)/(2/p). What is the highest common divisor of g and 88?
8
Let z = -2 + -11. Let r(y) = -y**2 - 12*y + 14. Let j be r(z). Suppose 17 - j = i. Calculate the highest common divisor of i and 176.
16
Let h be -8 + (4 + -18)/(-1). Calculate the highest common factor of h and 618.
6
Let n = -46 - -52. Suppose -7*f = -n*f - 21. What is the highest common factor of f and 168?
21
Let y = 14 + -6. Suppose 0 = y*m - 168 - 352. What is the highest common divisor of 13 and m?
13
Suppose 8*h = 2904 - 320. Calculate the greatest common divisor of h and 57.
19
Let l(y) = -y**3 - 5*y**2 + 7*y - 5. Let h be l(-7). What is the highest common divisor of 8 and h?
4
Let n be 9/(-45) + 14/10*3. Suppose 2*k = n + 10. Let p be (-3)/((-9)/24) + -1. Calculate the highest common factor of p and k.
7
Let o be (((-62)/(-4))/1)/(5/50). Calculate the highest common divisor of o and 124.
31
Suppose 93 = 2*m + m. What is the highest common divisor of 124 and m?
31
Let n(d) be the first derivative of d**4/2 + 64*d**3/3 + 27*d + 10. Let v be n(-32). Calculate the highest common divisor of 189 and v.
27
Suppose 0 = 29*s + 2*s - 1240. What is the greatest common divisor of 170 and s?
10
Suppose -5*s - 32 = 2*z, -7*s + 5*s = 3*z + 4. Suppose -190 = -3*q - 2*q. Let j = s + q. What is the greatest common divisor of 30 and j?
30
Let q be 0 - (1 + (0 - 1)). Suppose q = -3*w - 18 + 9. Let g be -1*15/w - -3. What is the highest common divisor of 12 and g?
4
Let y be (6 - -148) + 11/((-22)/(-12)). Calculate the greatest common factor of 200 and y.
40
Let l be 1 + 2/7 + 25/35. Suppose 0 = -l*r + 19 - 9. Calculate the highest common divisor of r and 35.
5
Suppose 75*u - 60 = 69*u. Calculate the highest common factor of 135 and u.
5
Let h = 204 - 134. Suppose -3*j - 2*n = -h, -2*n - 2 = -0. What is the highest common factor of 108 and j?
12
Let x be 3/(-12)*(-4)/(-1). Let u be ((-1)/2)/(x/(-86)). Let g = 63 + u. What is the greatest common factor of g and 30?
10
Suppose -2*z + 354 + 158 = 0. Calculate the greatest common factor of z and 640.
128
Let f be (-13 + 12)/(2/(-134)). Suppose -2*s + 8 = l - 13, 4*s = 3*l + f. What is the greatest common factor of 26 and s?
13
Let d(f) = 2*f**3 - 2*f**2 - 5*f - 27. Let k be d(5). What is the highest common divisor of k and 2?
2
Let o = 120 - 83. Suppose 3*j - 3 = 3*v + 36, o = 3*j - 2*v. What is the greatest common divisor of j and 121?
11
Suppose -1243 = -5*i - j, i - 243 = -0*j - 3*j. Let y be (-3)/2 - i/(-6). Calculate the greatest common factor of y and 30.
10
Suppose -11*t - 92 = -752. Let k = -2 - -3. Let f be -30*(k - 14/10). Calculate the highest common divisor of t and f.
12
Let v = -40 + 44. Suppose 0 = 5*t - y - 341 + 17, 2*t = -v*y + 112. Suppose 0 = 4*i + q - 35, i - 7 = -i + 3*q. Calculate the greatest common factor of i and t.
8
Let h = -2 - 2. Let v be (h - -2)/(10/(-185)). Calculate the greatest common factor of 111 and v.
37
Suppo